b - 2 + 14 = 0. Let f = -7 - b. Let l(i) = 2*i + 2. Determine l(f).
-6
Let k(c) be the second derivative of c**5/2 - c**2/2 + 30*c. Determine k(1).
9
Let d(r) = 27*r - 11*r - 3*r**2 - 1 - 15*r. Calculate d(1).
-3
Let q(w) = 7*w + 0*w + 5 - 3*w - 2*w. Let t(j) = j + 2. Let s(m) = 3*q(m) - 8*t(m). Give s(2).
-5
Let j(g) be the third derivative of g**6/120 + g**5/10 + g**4/24 - g**3/6 + 6*g**2. Calculate j(-6).
-7
Let z(o) be the first derivative of -5*o**2/2 - 12. What is z(1)?
-5
Let v(d) be the second derivative of -d**5/20 + d**4/3 - 2*d**2 + 7*d. Give v(4).
-4
Let f(p) be the third derivative of p**6/120 + p**5/12 + p**4/6 + 2*p**2. What is f(-4)?
0
Let v(r) = -r - 13. Let a be v(-9). Let x(t) = -t**3 - 4*t**2 - 2*t - 2. Determine x(a).
6
Let h(u) = -u + 11. Let s(q) = 5*q - 45. Let w(f) = -9*h(f) - 2*s(f). Calculate w(0).
-9
Suppose -5*f = -15 - 0. Let h(b) = f + 0 + 2 - 4 + b. What is h(-5)?
-4
Let g = 53 + -28. Suppose -4*y + t - 2*t = 24, -y - g = 5*t. Let z(d) = -3*d + 2*d - 2 + 3. Calculate z(y).
6
Let l(g) be the third derivative of -g**5/5 - g**4/12 - g**3/6 + 6*g**2. Determine l(-1).
-11
Let u(r) be the third derivative of r**5/60 - 7*r**4/24 + r**3/3 - 3*r**2. Give u(6).
-4
Let x(a) = -4*a**3 + 6*a**2 - 7*a - 7. Let k(q) = 7*q**3 + 2*q + 14 + 11*q + 3*q**2 - 15*q**2. Let c(f) = -3*k(f) - 5*x(f). Determine c(5).
-2
Let k(f) = -f**2 + 5*f + 1. Suppose -y + 1 = -5. What is k(y)?
-5
Let p(w) = -3*w**2 + 4*w + 2. Let c(n) = -4*n**2 + 3*n + 2. Let i(q) = 2*c(q) - 3*p(q). Determine i(7).
5
Let x(i) = -i**3 - 6*i**2 - 6*i - 5. Let t be x(-5). Suppose 2*d + 7 = 5*l, 5*d + 8 = -t*l + 3*l. Let u(n) = n + 0*n - l + 4*n - 3*n. Calculate u(4).
7
Let w(y) = -7*y**2 + 19*y + 7. Let h(f) = -3*f**2 + 9*f + 3. Let n(x) = -9*h(x) + 4*w(x). What is n(-3)?
7
Let x(p) be the third derivative of p**7/5040 + p**6/360 + p**5/60 - p**2. Let b(h) be the third derivative of x(h). Let v be 3*(1 + 1/3). What is b(v)?
6
Let t(d) = d + 3. Let y(o) = -o - 4. Let k be y(0). What is t(k)?
-1
Suppose -l = -7 + 10. Let f(c) = -c + 4. Let h(i) = i - 4. Let r(a) = l*h(a) - 4*f(a). Calculate r(3).
-1
Let a(m) = -m - 2. Let y(l) = 1. Let c(t) = -a(t) - y(t). Calculate c(3).
4
Suppose 16 = 6*q - 2*q. Let f(c) be the first derivative of -c**3 - 3*c**2 + 1 + 1/4*c**q + 2*c. What is f(4)?
-6
Let n(i) be the second derivative of 1/3*i**4 - i - 1/2*i**2 + 1/3*i**3 + 1/10*i**5 + 0. Calculate n(-2).
-5
Let n(i) = 5*i**2 + 2*i. Let q be n(2). Suppose -7*g + 2*g - 10 = 5*f, -3*f + q = -3*g. Let a(m) = 3*m**2 - 4*m**2 + 2*m + 3*m - 3. Calculate a(f).
3
Let x = 6 + -4. Let v(m) = -m + m**2 - m**2 + m**2 - x. Let u be -3*(-3)/((-54)/12). What is v(u)?
4
Let i(k) be the second derivative of 2*k - 3/2*k**2 + 0 + 1/6*k**3. Determine i(3).
0
Let d be 3/(3 - 0) + 3. Suppose 0 = 5*z - z + d. Let w(m) = 0*m**3 + 5*m**3 + 0*m**3 + 1. Give w(z).
-4
Let z(q) = -176 + 0*q + q + 168. Let p(d) = -d**2 + 7*d - 6. Let i be p(5). Calculate z(i).
-4
Let s be 2/(-4)*(-4 + -2). Let g(h) be the third derivative of h**6/360 - h**5/30 - h**4/24 - h**2. Let r(w) be the second derivative of g(w). Give r(s).
2
Let f(x) = 5*x - 45. Let o be f(10). Let l(s) = s**2 - 6*s + 2. Give l(o).
-3
Let s(j) be the second derivative of -1/2*j**2 + 0 - 1/6*j**3 + 3*j. What is s(-5)?
4
Let m(y) = -3*y - 38. Let h(d) = -d - 13. Let l(i) = 17*h(i) - 6*m(i). Suppose 2*a - 4 = 2*p + 14, -3*a = 2*p + 3. What is l(p)?
1
Suppose 0*s + 44 = -4*s. Let w(i) = 26*i + 36. Let u(v) = -5*v - 7. Let l(a) = s*u(a) - 2*w(a). What is l(-4)?
-7
Let a(r) = -r + 2*r - 5 + 4 + r. Determine a(4).
7
Let h(s) = 10*s**3 - 4*s**2 - 10*s + 34. Let j(t) = -7*t**3 + 3*t**2 + 7*t - 23. Let n(m) = 5*h(m) + 7*j(m). Determine n(0).
9
Let p(z) = 4 + 6*z - 1 - 7 + 9 - 7*z**2 + z**3. Determine p(5).
-15
Let q(n) = n. Let j(a) = 3*a - a + 3*a - 2. Suppose 0 = 5*m - p - 24, 2*m + p - 4 = -0*m. Let x(o) = m*q(o) - j(o). What is x(-3)?
5
Let j(i) = 16*i**2 + 13*i**2 - 1 - 44*i**2 + 18*i**2 - 2*i. What is j(2)?
7
Let v = -3 - -2. Let m(s) be the second derivative of s**5/5 - s**3/3 - s**2/2 - 8*s. Calculate m(v).
-3
Let i = -7 + 12. Suppose 0 = -3*r - i*j - 28 - 1, -5*r - 11 = -j. Let f(c) be the first derivative of -c**3/3 - 3*c**2/2 - 4*c - 1. What is f(r)?
-4
Let o(n) = -n + 1. Let t = -5 + 13. Suppose 1 = 3*f - t. Suppose 22 = -4*z + 2*z + f*p, 5*p = 5*z + 45. What is o(z)?
6
Suppose -3*l - 10 = -8*l. Let m(c) = -c**2 + 0 + 4*c**3 - 5*c**3 + l. What is m(-2)?
6
Let h(w) = -10*w**2 - 13*w - 5. Let d(m) = -7*m**2 - 9*m - 3. Let i(l) = -7*d(l) + 5*h(l). Suppose -4*a + 14 = -2*u, -6 = 3*u - 2*a + 7. Give i(u).
-7
Let u(g) = -g**2 + 8*g + 7. Let t be u(8). Let x(k) = 0*k - 3*k + t*k - 2 - 2*k. Determine x(-2).
-6
Let z = 2 - 4. Let i be (z - -5)*8/6. Let c(l) = -6*l**2 - 14*l**2 + 31*l**2 - 6 + 5*l - 12*l**2. Calculate c(i).
-2
Let h(d) = 6*d**2 - 15*d - 20. Let f(c) = -2*c**2 + 5*c + 7. Let r(t) = -11*f(t) - 4*h(t). Calculate r(4).
-9
Let i(h) = -h**3 + 9*h**2 + 2*h - 13. Let n be i(9). Let x(m) = 1 + 5 - n - 2*m. Give x(3).
-5
Let g(b) = 9*b**3 - 1 - 2*b - 2*b**2 + 6*b + 4. Let j(d) = 13*d**3 - 3*d**2 + 6*d + 5. Let r(n) = -8*g(n) + 5*j(n). Calculate r(1).
-7
Suppose 4*g = -2 - 2. Let x(i) = -i**2 + i. Let f(l) = 2*l**2 + 3*l - 1. Let p(y) = g*f(y) - x(y). Give p(-4).
1
Let u(c) = c**2 + 2. Let w(a) = 2*a**2 + 5. Let x(b) = -7*u(b) + 4*w(b). Let g = 6 + -3. Let s = 3 - g. Calculate x(s).
6
Let g(s) = s**2 - 6*s - 3. Let b be 8/(2 + 2)*2*2. Give g(b).
13
Suppose 0 = -z - 0*z + n + 11, z = -3*n + 11. Let j = z + -6. Let f(s) be the second derivative of -s**5/20 + s**4/2 - s**3/2 - 3*s**2 - 10*s. Give f(j).
4
Let h(g) be the second derivative of -g**4/12 + 5*g**3/3 - 5*g**2 - 51*g. Determine h(8).
6
Let c(d) = d - 8. Suppose -18 = 2*u - 78. Suppose -3*z + 2*n - 11 - 2 = 0, 5*z + u = 5*n. Let a(q) = 1. Let x(f) = z*c(f) - 5*a(f). Calculate x(4).
-1
Suppose -3*r + 5 = -13. Let t = -2 + r. Let a(k) = k**3 - 3*k**2 - k - 1. Give a(t).
11
Let b(g) = -g + 0*g + 6 + 0*g + 0*g. Let a be (-3)/(-1 + 4/10). Calculate b(a).
1
Let s(j) be the second derivative of j**3/2 + 5*j**2/2 + 12*j. What is s(-4)?
-7
Let c = 58 - 58. Let t(q) = -5*q**3 - 16*q + 60. Let x(b) = b**3 + 3*b - 12. Let v(o) = -2*t(o) - 11*x(o). Calculate v(c).
12
Let o(n) be the first derivative of n**4/4 + 7*n**3/3 + 3*n**2 + 2*n - 4. What is o(-6)?
2
Suppose -3*w - 2*w + 10 = 0. Let m(l) be the third derivative of l**7/1680 - l**6/720 - l**5/60 - l**2. Let b(o) be the third derivative of m(o). Give b(w).
5
Let h = 8 - -4. Suppose -2*m + 4 = -2*z + h, -4*m + z = 22. Let l(x) = -x - 2. Determine l(m).
4
Let a(k) = 1 + 2 - k + 2. Let q = -5 + 1. Let l = q + 7. Give a(l).
2
Let s(d) = -d**2 - 5*d - 2. Let z be s(-3). Let v(a) = -z + 4 + a**2 - 1. Give v(-3).
8
Let g(x) = -x**2 - 11*x - 27. Let q be g(-7). Let s(p) = -p**3 + p**2. What is s(q)?
0
Let a(u) = -11*u**3 + u**2 - 2*u. Let m be a(1). Let v(p) = -p**2 - 11*p + 4. Give v(m).
-8
Let s(i) = 0*i + 3*i - 2*i**2 - 1 - i**3 + 0*i**3 - 5*i. Let t be s(-1). Let a(m) = 3*m**2 - 11. Let n(q) = -2*q**2 + 5. Let p(v) = -3*a(v) - 5*n(v). Give p(t).
8
Let q(k) = -k**3 + 3*k**2 + 2*k - 2. Let z = 2 + -3. Let o(t) = -4*t. Let l be o(z). What is q(l)?
-10
Suppose -4*f - w = -f + 14, 2*f - 4*w = 0. Let r(v) = v + 3. What is r(f)?
-1
Let s(m) = -m + 4. Suppose 4*c - 20 = -0*c. Determine s(c).
-1
Let v(p) be the third derivative of -p**6/120 - 11*p**5/60 - 11*p**4/24 - 5*p**3/6 - 19*p**2. Give v(-10).
5
Let k(u) = -u + 5 - 2 - 4 - 2. Let l be k(-3). Let x(b) = 7 - 1 - b + l*b. Calculate x(5).
1
Let x(z) = -2 - 2*z - 5*z**3 + 3 + 0*z**3 - 3*z**3. Calculate x(1).
-9
Let p(w) = -413 + 420 + 0*w - w. Determine p(5).
2
Let k(v) = 4*v - 7. Let d(u) = -u + 1. Let x(n) = 3*d(n) + k(n). Give x(-3).
-7
Let s(t) = -t**3 + 5*t**2 - 2*t - 1. Let d(h) = -3 + 3 + 14 - h. Let z(u) = -u + 17. Let g be z(7). Let a be d(g). Determine s(a).
7
Suppose 1 = 5*r - 9. Let d(x) be the third derivative of -1/3*x**3 + 0 + 0*x - 3*x**2 - 1/8*x**4. What is d(r)?
-8
Let s(v) = -53*v - 6*v**3 + 54*v - v**3. Determine s(-1).
6
Let w(p) = 21 - 21 + p + p. What is w(-2)?
-4
Let p(t) be the second derivative of -t**4/12 - 7*t**3/6 - 3*t**2 + t. Let f(u) = -u**3 + 11*u**2 + 12*u - 4. Let x be f(12). Calculate